= s. Is v composite?
False
Let d be ((-4)/(-6))/(2/12). Suppose 0 = 4*f + s - 2109, -f - d*s = 159 - 690. Is f a prime number?
False
Let b(d) = 457*d - 25. Let g be b(8). Suppose -4*y - 4*u = -3616, y - 5*y + u = -g. Suppose 5*l - y = 4*l. Is l a composite number?
False
Let v(i) = 4*i + 2. Let l be v(-2). Let n(j) = -1703*j + 265. Is n(l) prime?
False
Suppose 5*y = y + 4*o + 32, 3*o + 15 = 0. Suppose -242 = -u + y*a, 3*u - a - 765 = -5*a. Is u a prime number?
True
Suppose -4*z = 4*s - 201352, 5*s - 3*z - 232840 - 18874 = 0. Is s prime?
True
Suppose 156720 = 4*w + 3932. Is w composite?
False
Let g be -3 + (3 - (-280)/(-5)). Is 16/g + (-46)/(-14) + 2898 composite?
True
Suppose f + 54 = 4*g, 5*f + 213 = -0*f + g. Let s be 12/f + 204936/14. Suppose 4*x = -0*b + b + s, 0 = -x + 3*b + 3665. Is x a prime number?
True
Suppose 126 = 2*z - 116. Let j = 41 - z. Let f = j - -207. Is f prime?
True
Let l(g) = -374*g**3 - g**2 - 7*g + 23. Is l(-4) prime?
True
Suppose -c = -2*c + 5. Suppose -2*n - 1 = c*q, -5*q - 1 = 4. Suppose 76 = n*g - 26. Is g prime?
False
Suppose -39*l + 40*l + 364401 = 4*t, -2*l + 91107 = t. Is t prime?
False
Suppose 11850 = -4*u + 29374. Suppose -u = -13*h + 1105. Is h prime?
False
Let k(b) = -192*b + 125. Let u be k(16). Let l = u - -12293. Is l a composite number?
True
Let s = 607 + -671. Is s/96*80358/(-4) a composite number?
True
Let c be 3 - (-2 - -6 - 3). Suppose 462 = 4*b + 46. Is 1948/b*18 + c/(-13) prime?
True
Let x = -6634 - -13233. Is x a composite number?
False
Is (1968907 + 1)*(-245)/(-280)*2/7 prime?
True
Suppose 289*y - 242*y - 599485 = 0. Is y prime?
False
Suppose 0 = -3*t + 21 - 12. Suppose 0 = -2*u - t*k + 4975, -75*k + 71*k + 12 = 0. Is u a prime number?
False
Let q(d) = 11*d**3 - 5*d**2 - 19*d + 32. Suppose 4*t = 5*p + 54, -2*t - t - 5*p = -23. Is q(t) prime?
True
Let h(p) = -p**3 + 2*p**2 - 18*p + 5. Let r be 0 + -1 + 5 + -6. Let a(l) = 5*l**3 - 9*l**2 + 73*l - 19. Let c(j) = r*a(j) - 9*h(j). Is c(-6) a composite number?
False
Let q(y) = -58*y + 2227. Let s be q(37). Suppose -5*g = -n + 625, 5*n + 2*g = g + 3255. Let c = n + s. Is c a prime number?
False
Let r be (11 - 57/12) + 2/(-8). Suppose r*o - 9*o + 701 = l, -l + 934 = 4*o. Is o prime?
True
Let r be 13868 + (3 - 1) - (-4 - -8). Let u = 21119 - r. Is u composite?
False
Suppose -3*r - 3*q = -543111, -5*r + 12215 + 892974 = 3*q. Is r a prime number?
True
Suppose -97 = -f + 2*o, f + 4*f - 4*o - 479 = 0. Suppose -4*m - f = 3*v, m + 2*v = 3 - 28. Let c(k) = k**2 + 4*k + 34. Is c(m) composite?
True
Suppose -7 = -3*o + 8. Suppose -o*c - 577 = -1462. Is c composite?
True
Suppose -3*o = -8*o - o. Suppose -4*c + 11*c - 14 = o. Suppose -4*y + 48 = 6*d - c*d, -4*y + 54 = d. Is y a composite number?
True
Let c(a) = a**2 + 5*a + 5. Let p be c(-7). Let g = p + -10. Is (g/(-3) + 1 - -1)*-83 a composite number?
False
Let h be (-1444)/3*(-27)/(-18). Let r = 485 + h. Let j = 156 - r. Is j a composite number?
True
Is ((-288)/528)/((-12)/46872474) composite?
True
Is (-12 - (3 - 10) - 97559)/(-4) a composite number?
False
Suppose 0*m + 4*m = 5372. Suppose 7*r + 85 + m = 0. Let v = -109 - r. Is v a prime number?
False
Let q = 486936 + -270787. Is q a prime number?
True
Suppose -10*f = -3*f - 52836. Let a = f + -5191. Is a composite?
False
Let h(c) = -649*c**3 - 2*c**2 + 28*c + 87. Is h(-4) a prime number?
True
Let y(r) = r**3 + 3*r**2 - r - 1. Let l be y(-1). Is l*3438/(-12)*2/(-6) a composite number?
False
Suppose 0 = 6*t - 151942 - 633080. Is t a composite number?
True
Let d = -306 + 1118. Suppose d = x - 5195. Is x a composite number?
False
Suppose 31*a = 27*a + 412. Let o = a - 113. Is (2676 - 16)*o/(-8) - -2 a composite number?
True
Let i = -2 + 2. Is (505/15 - i)*213 a composite number?
True
Let h be -4 + 5 + -12 + 14. Suppose -r + 5*l + 653 = -3445, -h*r = -5*l - 12244. Is r a prime number?
True
Let g(k) = 41579*k + 616. Is g(17) a composite number?
False
Suppose 14810594 = 28*a + 57*a - 3*a. Is a composite?
False
Let v(r) = 283*r + 20. Let h(g) = 281*g + 18. Let z(u) = -3*h(u) + 2*v(u). Is z(-1) a prime number?
True
Suppose y + 3*b = 6, -5*b = -2*y - 9*b + 22. Suppose -y*n = -22*n + 153. Let k = n + -30. Is k a composite number?
True
Let j(c) = 770*c**2 + 73*c + 58. Is j(-7) a prime number?
True
Suppose -4*o - 12804 = -4*r, -r + 73*o - 74*o = -3193. Is r a composite number?
True
Let v(b) be the third derivative of 31*b**6/60 + 2*b**5/15 + 11*b**4/24 + b**3 + 3*b**2 - 5. Let k be v(-5). Is ((-5)/(-15))/((-1)/k) a prime number?
False
Suppose -d + 5*d - 330150 + 14266 = 0. Is d composite?
True
Suppose 14*x - 3609 - 2355 = 0. Let t be (-1)/(-1*3/6927). Let j = t - x. Is j a composite number?
True
Let x = -9818 - -24297. Let c = x + -8334. Is c a composite number?
True
Let k(f) = 235*f**2 + 242*f + 142. Is k(-33) a composite number?
False
Let p = 458 - 452. Let x(w) = 131*w**3 - 2*w**2 - w - 23. Is x(p) prime?
False
Let w(n) = -n**2 - 24*n - 85. Let f be w(-19). Suppose -1955 = f*d - 27*d. Is d prime?
False
Let r(u) = -1557*u**3 + 16*u**2 + 132*u + 47. Is r(-6) composite?
False
Suppose 0 = -5*i + 4*z - 5*z - 220, 0 = 2*z - 10. Suppose 618 = 2*q + 5*p - 10*p, -4*q + 4*p = -1224. Let b = q + i. Is b a prime number?
False
Let a(p) = -6*p + 26. Let i be a(-3). Let q = 40 - i. Is 10/(-24)*q*1437 a composite number?
True
Let s = 208489 + 40630. Is s a composite number?
True
Let g(f) = f - 9. Let o be g(10). Let x(m) = 17*m + 1. Let y be x(o). Suppose y = 3*w + 3, -a - w = -786. Is a a prime number?
False
Let x = -91463 + 318204. Is x composite?
False
Let k(z) = 24*z**3 - 70*z**2 + 3*z + 3. Suppose 2*q = -4*j + 44, 25*j - 23*j + 5*q - 30 = 0. Is k(j) prime?
True
Let r = -582729 - -1149058. Is r a composite number?
True
Let u = 575 + -5395. Let z = 13533 - u. Is z composite?
False
Let d = 60 - 58. Suppose 0 = -d*q - 0*q + v, -3*v = -2*q - 4. Is 1151/(q/5 - 20/(-25)) prime?
True
Let u(i) = 1311*i - 23. Let a(y) = -y**2 + 4*y + 14. Let o be a(6). Is u(o) prime?
False
Let a be (0 - -1*1)/((-6)/(-18)). Suppose -3*w + 584 = 2*w - a*k, -2*w = 5*k - 246. Suppose -x = -0*x - w. Is x composite?
True
Let m = -217 - -3375. Let r = -2373 + 3777. Let f = m - r. Is f prime?
False
Suppose -2*t - 62 = 4*g, -2*t + 53 = -3*g + 3*t. Let n be 16/(-6)*(420/g - -6). Suppose -39 = -3*x + n. Is x a composite number?
False
Suppose -2*p - 45 = -5*z, 9*z = 4*z + p + 45. Suppose -z*m = -5*m + 6420. Is (-12)/(-18)*m/(-2) a prime number?
False
Let o(b) = 103*b**2 - 59*b + 113. Let r be o(2). Let s(q) = -34*q**3 + 4*q**2 + q - 3. Let v be s(-3). Let h = v - r. Is h composite?
False
Suppose 569831 = 7*b - 4*s, 0 = 7*s - 12*s - 30. Is b a composite number?
False
Let c = -163488 + 280127. Is c prime?
True
Let d be (-72)/(-6)*(-344)/32. Let m = 460 + d. Is m prime?
True
Let r = -232 - -429. Suppose -r = -2*d - 3*b, -3*b - b - 444 = -4*d. Is d a composite number?
True
Suppose -5*d - 976 = 744. Let u(f) = -f**3 - 11*f**2 + 19*f - 8. Let t be u(-11). Let b = t - d. Is b a composite number?
False
Let r be (-170)/34 + (-2)/((-4)/10). Suppose -2*a + z + 8776 = a, -4*a - 4*z + 11728 = r. Is a prime?
True
Let l = 203726 - -49775. Is l composite?
False
Let t = 41 + -10. Let h = t + 15. Is 1 + h + 3 + 1 a composite number?
True
Let i be -2 - -2 - -10431 - 135/(-45). Is i/34 + -1*20/(-170) a prime number?
True
Suppose 5*p - 2*r - 24 = 0, 0*p - 8 = -3*p - 2*r. Suppose 0*x + 2*x = 4*g + 10, -3*x + p*g + 11 = 0. Is (x - -2)*890/6 - 0 a composite number?
True
Let k(y) = -4611*y - 39. Let c be k(3). Let n = -9691 - c. Is n a prime number?
False
Let q(w) = -w**2 - 8*w + 18. Let m be q(-12). Let y(h) = h**3 + 39*h**2 + 50*h + 37. Is y(m) a prime number?
True
Let u be -3 + (-203908 + -2)/(-6). Suppose 6*j = -7*j + u. Is j a prime number?
False
Suppose -5*l + 4*x + 216115 = 0, 0 = -2*l + 6*x - 8*x + 86446. Is l prime?
True
Suppose 20 = -23*c + 66. Suppose 2*t + l = -c*t + 11641, -5*t - 3*l + 14560 = 0. Is t a composite number?
False
Suppose 11*x - 12*x = -4. Is x/(24/16118)*3 composite?
False
Let l = -4757 - -20872. Suppose 2*z + 2*j - l = -4183, 0 = -z + j + 5976. Is z a prime number?
False
Is (-8041264)/(-11) + -14 + -17 a prime number?
True
Let o(h) = -h**3 + 5*h**2 + 3*h - 16. Let b be o(4). Suppose 0 = -17*t + b*t. Suppose 0 = -k +